be (-16)/y - (-14)/(-21). Suppose l - u*p + p + 1 = 0, -3 = 5*l - 3*p. Calculate i(l).
-7
Let s(z) = -3*z**2 - 3*z - 1. Let m(g) be the third derivative of -g**5/60 + g**4/24 + 2*g**3/3 + 20*g**2. Let u be m(-2). Determine s(u).
-7
Let v(a) be the second derivative of -1/3*a**3 + 2*a - 1/2*a**2 + 1/4*a**4 + 0. Suppose 12*p - p + 11 = 0. Calculate v(p).
4
Let z(g) = g**3 + 18*g**2 - 18*g + 11. Suppose 89 = -5*f - 3*t, 4*t = -4*f - 0*t - 68. What is z(f)?
-8
Let i(h) = 4 - 3011*h**3 + 1507*h**3 + 5*h + 1503*h**3. Give i(3).
-8
Let f(m) = -m**3 - 3*m**2 - m + 73. Let t be f(0). Let l = -69 + t. Let g(v) = 1 + 2 - 4 + v. Give g(l).
3
Let j(h) = -2*h - 25 + 4*h**2 - 7*h**2 + 8 - 8*h + h**3 - 7*h**2. Determine j(11).
-6
Let u(i) = -5*i - 4. Let d be u(-2). Let p be 4/1 - (-9 + d). Let h(a) = -p - a - 7 + 3 + 4. Calculate h(-5).
-2
Let n(s) be the second derivative of -s**4/12 + 2*s**3/3 + s**2 + 2*s. Let z be n(5). Let b(x) = 0*x + 4*x - 2*x. Give b(z).
-6
Suppose -6*d + 20*d = 3*d + 33. Suppose 3*v = -2*v + 10. Let y(k) = 4*k**2 - k**2 - v*k**2 - 2*k. Give y(d).
3
Suppose -2*o - o + 5*j - 16 = 0, 0 = 5*o + 5*j - 40. Let w(a) = a**o + 2 + 3 - 4 - 2*a. What is w(-2)?
-3
Let v(j) = -5*j - 2 + 4*j + 2*j. Let c = 56 - 31. Suppose -5*u + c = -2*z, 0 = 2*u + z - 5 - 5. What is v(u)?
3
Let x be 1300/(-225) + 2/(-9). Let i(d) = -d**3 - 4*d**2 + 11*d + 8. Calculate i(x).
14
Let h(k) = 6*k**2 - 3*k - 1. Let j be h(1). Let n(w) = w**j - 7 + w - 4 + 2. Give n(0).
-9
Let v(j) = 3*j - 1. Let o(y) = 2*y - 1. Let b(r) = -5*o(r) + 4*v(r). Let w(h) = h - 4. Let t be w(6). Determine b(t).
5
Let v(t) be the third derivative of -t**6/120 + t**4/24 - 11*t**3/6 + 34*t**2. What is v(0)?
-11
Let x(j) = -13*j**3 + j**2 - j. Let u be x(1). Let g = 9 + u. Let y(d) = -d**3 - 4*d**2 - 4*d - 6. Determine y(g).
10
Let j(g) = -g**2 + 8*g - 14. Let u = 46 - 40. Let a be j(u). Let p(z) = -11*z - 3. What is p(a)?
19
Let p(o) = o**3 - 9*o**2 + 9*o - 7. Let u be p(8). Let g(d) = -d**3 - 452*d**2 + 448*d**2 + 2*d**3 - u. Let h = 15 - 13. Determine g(h).
-9
Let j(h) = 3*h - 10*h - 10 + 2*h + 6*h. What is j(6)?
-4
Let f(n) = n**3 + 8*n**2 + n + 12. Let o be f(-8). Let r(i) = -3*i**2 - 2 - 2*i - o*i - i + 8*i. Let s(h) = -h**2 - 3*h + 2. Let p be s(-3). What is r(p)?
-12
Suppose 0 = 147*z - 146*z + 5. Let w(t) = -3*t + 5. What is w(z)?
20
Let i(s) = -8*s - 2 + 33*s - 16 - 7 + 14*s**2 - 15*s**2. Give i(24).
-1
Let h(s) = -2. Let y = 4 - -10. Let g(a) = 3*a + 14. Let w(r) = y*h(r) + 2*g(r). Give w(1).
6
Let i(q) be the first derivative of 5*q - 1/2*q**2 + 31. What is i(6)?
-1
Suppose 0 = -3*z + 4*q + 13 + 8, -3*z + 21 = -3*q. Let f(l) = -l**2 + 6*l + 13. Calculate f(z).
6
Let d(g) = -g**3 - 7*g**2 - 4*g + 5. Suppose 18 = 4*i - 5*u, -u = -i + 6 - 2. Let o = i - 8. Determine d(o).
-7
Let a(n) be the second derivative of 1/24*n**4 - 1/3*n**3 - 2*n**2 + 0 + 3*n. Let b(t) be the first derivative of a(t). Give b(0).
-2
Suppose -5*g = -2*a + 6 - 23, 3*a - 22 = -2*g. Let t = 6 - g. Let i be (t/4*0)/(-2). Let q(j) = -j**2 + j + 3. Give q(i).
3
Let z(t) be the first derivative of 6 + 1/20*t**5 + t**2 - t**3 + 10*t + 1/2*t**4. Let r(m) be the first derivative of z(m). Give r(-7).
-5
Suppose -2*m - 6 = 0, 3*s + 13*m - 16*m = 21. Let a(n) = 3*n**2 - 1 - 2*n - 2*n**2 - 2. Determine a(s).
5
Let i = -430 - -428. Let z(x) be the third derivative of x**2 - 1/6*x**3 - 1/12*x**4 + 0*x + 0. What is z(i)?
3
Let l(b) = -19*b + 1 + 32*b + 7 - 12*b. Give l(-4).
4
Let k(l) be the third derivative of l**7/2520 + l**6/120 - l**5/120 + 7*l**4/24 + 29*l**2. Let d(s) be the second derivative of k(s). Give d(-5).
-6
Suppose -7*c - 20 = -11*c. Suppose 0 = d + 1 - c. Let o(t) = -3*t**2 - 8*t + 6. Let q(p) = -4*p**2 - 9*p + 6. Let a(y) = 5*o(y) - 4*q(y). Give a(d).
6
Let k(y) = -y**3 + 2*y**2 + 7*y. Suppose -24 = 4*p + 2*q, -2 - 6 = -3*p + 5*q. Let a(c) = c**3 - c**2 - 7*c. Let x(h) = p*k(h) - 3*a(h). Give x(6).
-6
Let i(n) = -8520 + 8520 - n. What is i(-6)?
6
Let k(g) = -15 + g**2 + 44*g - 32*g - 25*g - 2*g**2. Calculate k(-11).
7
Let r(l) = 3*l + 5. Let g = 10 + -8. Suppose g*z + 8 = 24. Suppose v + 10 = 3*x - z, -12 = -3*x. Give r(v).
-13
Let f = -1214 - -1216. Let w(n) = -2*n - 3. What is w(f)?
-7
Suppose -4*x - 5*o = 9 + 3, -o = 4. Let a(f) = 5*f - 5. Give a(x).
5
Let u(y) be the first derivative of 1/2*y**2 + 29*y - 20. Calculate u(0).
29
Let l(i) = i**2 - i - 17. Let k be 1/7 - (-39)/(-273). What is l(k)?
-17
Let g = -16 + 19. Let z be (-1)/((-2)/30*g). Let h be -2 - 12/(-4) - z. Let o(f) = f**2 + 6*f - 1. Give o(h).
-9
Let u(z) = z**2 - 4*z**2 + 11*z**2 - z**3 - 8*z + 4 + 4. Suppose 5*k + 0*k + 4*t - 43 = 0, -t - 33 = -5*k. Let w be (-3)/(-3)*k/1. Calculate u(w).
1
Let f = 64 + -95. Let a = f + 27. Let k(n) = 2*n + 4. What is k(a)?
-4
Let v = 24 - 36. Let g be -4*3/v*-3. Let l(c) = c**3 + 2*c**2 - c - 4. Calculate l(g).
-10
Suppose -5*s - 5*l + 1 = -4, -4*s = l - 7. Let i(u) = s*u**2 + u + 0*u + 2*u**3 + 5*u**3. Calculate i(-1).
-6
Let c(s) = 17*s - 948. Let z be c(55). Let t(n) = n**2 + 12*n - 8. What is t(z)?
5
Let m = -49 + 51. Let u(b) = 33*b**m + 4 + b - 5 - 32*b**2. Give u(-3).
5
Let l be (-8)/(-6)*(4 + (-75)/30). Let v(u) be the first derivative of -4 + 2*u**3 + 1/4*u**4 + 3/2*u**l - 3*u. Determine v(-5).
7
Suppose 2*c + 14 + 1 = 5*t, 3*c + 6 = 2*t. Let r(u) be the third derivative of -u**5/60 - 25*u**3/6 - 26*u**2. Determine r(c).
-25
Let y(c) = 2*c + 8. Suppose 0 = g + 4*g. Suppose g*z = -z - 2*t - 8, 3*z = -5*t - 23. Calculate y(z).
-4
Let i(n) be the second derivative of n**4/12 - n**3/3 - n**2 - 112*n. Calculate i(-1).
1
Let s(c) = -c + 11. Let g be s(-10). Let w be 9/27*-1*g. Let f(j) = -j**2 - 6*j + 8. Determine f(w).
1
Let a(l) = -l - 5. Suppose 0 = 8*c - 2*c - 246. Let x = c - 36. Suppose -4*z = x + 19. What is a(z)?
1
Let s(d) = 61*d + 5. Let p(i) = 15*i + 1. Let v(c) = -9*p(c) + 2*s(c). Let u be -1*(-4 - (-4 - -1))*1. What is v(u)?
-12
Suppose 3*o = -0*o + 2*z + 48, -4*o - 5*z + 87 = 0. Let s be (-1)/(-2) + 27/o. Let x(l) = -s*l + l**2 + 0*l + 0 - 3. Calculate x(-2).
5
Let u(l) be the third derivative of -l**5/60 + 7*l**4/24 - 7*l**3/6 + 31*l**2. Let f(k) = 3*k**2 - 21*k + 22. Let x(p) = 2*f(p) + 7*u(p). Give x(5).
5
Let m(b) = 3*b**2 + b - 13. Suppose -169 = -9*t - 169. Give m(t).
-13
Let b(r) = -4*r**3 + 11*r**2 + 2*r + 16. Let m(h) = 7*h**3 - 21*h**2 - 4*h - 28. Let l(k) = 9*b(k) + 5*m(k). Determine l(-4).
-20
Let l(q) = q**2 + 7*q + 6. Suppose -5*v + 133 - 158 = 0. Give l(v).
-4
Let s be ((-10)/(-8))/(2/(-8) + 0). Let z(o) = -1 + 0*o + 3 - 1 + 2*o. Calculate z(s).
-9
Let g(x) be the second derivative of 3*x**5/20 - x**4 - 5*x**3/3 + 5*x**2 + 7*x. Let d(i) = -i**3 + 4*i**2 + 3*i - 3. Let w(k) = 7*d(k) + 2*g(k). What is w(4)?
3
Suppose -6*l + 3 = -3*u - 3*l, 5*u - 3*l = 5. Let y(d) be the second derivative of -d**4/12 + 4*d**3/3 - 3*d**2 - 23*d. Calculate y(u).
10
Let g(a) = 15*a + 258. Let i be g(-17). Let z(t) be the first derivative of 1/4*t**4 - t + 2/3*t**i + 6 - 3/2*t**2. Calculate z(-3).
-1
Suppose 0 = -0*n + 4*n. Let r be (-16)/(-2)*(n - -1). Let m(q) = -q**3 + 7*q**2 + 9*q - 6. What is m(r)?
2
Let z = 0 + -3. Let r(h) = h**2 - h. Let c(k) = 3*k. Suppose 3*b = 2*b + 1. Let d(n) = b*r(n) + c(n). What is d(z)?
3
Let p(y) = -5*y + 79 - 14*y - 76 + 3*y**2 + 18*y. What is p(1)?
5
Let k(v) = -7*v - 16. Let x(b) = 6*b + 15. Suppose 0 = 5*w - 16*w - 55. Let u(c) = w*k(c) - 6*x(c). Give u(0).
-10
Let w(s) = s + 2. Let b = 161 + -161. What is w(b)?
2
Let s(b) = -b**3 - 2*b**2 - b + 1. Let i(m) = -5*m - 109. Let r be i(-21). Calculate s(r).
37
Suppose 25 = 142*l - 137*l. Let k(j) = -j**3 - 4*j**2 - 7*j + 4. Let f(q) = q**3. Let y(u) = 2*f(u) + k(u). Give y(l).
-6
Let f(d) = 2*d - 2. Let w(y) = y**2 + 3*y - 24. Suppose 3*o = 4*k - 29, -o + 5*o = -2*k - 24. Let j be w(o). Calculate f(j).
6
Let n(m) = 5*m - 47. Let j(w) = 6*w - 53. Let u(s) = -3*j(s) + 4*n(s). Give u(13).
-3
Let q(p) = -p**3 - 5*p**2 + p - 3. Let h = 26 - 24. Suppose -h*z = 3*m + 5, 3*m - 4*m = -z + 10. What is q(m)?
-8
Let s(l) = 6*l**2 + 16. Let n(z) = -z**2 - 3. Let m(k) = -11*n(k) - 2*s(k). Suppose 1 = -5*p - 9. What is m(p)?
-3
Let f be (15/(-6) + 2)*8. Let v(o) = -o**3 - 4*o**2 + o + 5. Let b be v(f). Let z(k) = 3 - 4 + 2 + 5*k